{"id":228,"date":"2022-03-23T09:10:47","date_gmt":"2022-03-23T06:10:47","guid":{"rendered":"https:\/\/zeminetudusondaj.com\/?page_id=228"},"modified":"2022-06-07T10:25:01","modified_gmt":"2022-06-07T07:25:01","slug":"jeofizik-calismalar","status":"publish","type":"page","link":"https:\/\/zeminetudusondaj.com\/index.php\/jeofizik-calismalar\/","title":{"rendered":"JEOF\u0130Z\u0130K \u00c7ALI\u015eMALAR"},"content":{"rendered":"","protected":false},"excerpt":{"rendered":"","protected":false},"author":1,"featured_media":0,"parent":0,"menu_order":0,"comment_status":"closed","ping_status":"closed","template":"","meta":{"footnotes":""},"class_list":["post-228","page","type-page","status-publish","hentry"],"_links":{"self":[{"href":"https:\/\/zeminetudusondaj.com\/index.php\/wp-json\/wp\/v2\/pages\/228","targetHints":{"allow":["GET"]}}],"collection":[{"href":"https:\/\/zeminetudusondaj.com\/index.php\/wp-json\/wp\/v2\/pages"}],"about":[{"href":"https:\/\/zeminetudusondaj.com\/index.php\/wp-json\/wp\/v2\/types\/page"}],"author":[{"embeddable":true,"href":"https:\/\/zeminetudusondaj.com\/index.php\/wp-json\/wp\/v2\/users\/1"}],"replies":[{"embeddable":true,"href":"https:\/\/zeminetudusondaj.com\/index.php\/wp-json\/wp\/v2\/comments?post=228"}],"version-history":[{"count":5,"href":"https:\/\/zeminetudusondaj.com\/index.php\/wp-json\/wp\/v2\/pages\/228\/revisions"}],"predecessor-version":[{"id":1082,"href":"https:\/\/zeminetudusondaj.com\/index.php\/wp-json\/wp\/v2\/pages\/228\/revisions\/1082"}],"wp:attachment":[{"href":"https:\/\/zeminetudusondaj.com\/index.php\/wp-json\/wp\/v2\/media?parent=228"}],"curies":[{"name":"wp","href":"https:\/\/api.w.org\/{rel}","templated":true}]}}